te the remainder when 137 is divided by b.
17
Suppose -3*j + 12 = 0, -j + 0*j - 14 = w. Let h = w - -13. Let v = h - -23. What is the remainder when 34 is divided by v?
16
Suppose -y = y - 4. Let x(p) = p**3 - y*p**3 + 4*p**2 - p**2 + 4*p - 4. Calculate the remainder when x(3) is divided by 5.
3
Let h(g) = 8*g**2 + g. What is the remainder when h(-2) is divided by 16?
14
Let v = -56 + 62. Calculate the remainder when 15 is divided by v.
3
Let j(z) = -z**3 - 12*z**2 - 12*z - 4. Let a(q) = -13*q - 13. What is the remainder when a(-3) is divided by j(-11)?
5
Suppose t + 4*x - 11 = 0, t + 0*x = x + 26. Calculate the remainder when 41 is divided by t.
18
Suppose 4*u - 2*u = 12. Suppose -2*f + u = -0*f. Suppose 0 = m - f*m + 26. Calculate the remainder when m is divided by 5.
3
Let i(f) = -2*f**3 - f. Let n be i(-1). Let z(y) = y**3 - y**2 + y + 1. What is the remainder when 43 is divided by z(n)?
21
Suppose -2*p + 4 = -p. Let n = p - -9. Let q = -968 - -1017. What is the remainder when q is divided by n?
10
Let q(y) = 7*y + 5. Let b be q(4). Suppose -b = -8*l + 5*l. Calculate the remainder when 31 is divided by l.
9
Let l(y) = -y**3 - 12*y**2 - 16*y - 42. What is the remainder when 62 is divided by l(-11)?
10
Suppose -5 = 2*t - 3*t, -4*b = -4*t - 60. What is the remainder when 2/8 + 115/4 is divided by (b/6)/(2/9)?
14
Let r = 19 - 8. Calculate the remainder when (-8)/(-2 - 40/(-25)) is divided by r.
9
Suppose 4*r - 58 = 3*b - r, 3*b = -5*r - 38. Let l(y) = y**2 + 12*y + 5. Calculate the remainder when l(b) is divided by 18.
15
Suppose -250 = -11*v + v. What is the remainder when v is divided by 21?
4
Suppose -3*u = -2*u - 4. Suppose 2*v - 6 = u. Calculate the remainder when 18 is divided by v.
3
Let n = 2 + 1. Suppose n*x + 25 = 8*x. Calculate the remainder when 9 is divided by x.
4
Let x = 14 + -10. Suppose 5*q - 252 = 5*l - l, 2*l = x. Let h(t) = -t**3 - 10*t**2 + 11*t + 18. What is the remainder when q is divided by h(-11)?
16
Let n = -8 - -38. Calculate the remainder when n is divided by 18.
12
Calculate the remainder when (-2)/12 - (-326)/12 is divided by 10.
7
Let f(n) = n**2 - 12*n - 9. What is the remainder when 73 is divided by f(14)?
16
Let y = 137 - 126. Calculate the remainder when 208 is divided by y.
10
Suppose a + 4*m + 8 = -5, 4*m = -4*a + 8. Calculate the remainder when 23 is divided by a.
2
Suppose -c + 12 = -3*d, 4*c - d = d - 2. Let i be 132/(c/(-1)) - -1. Let u = i + -31. What is the remainder when 27 is divided by u?
13
Let c(y) = y**3 - 6*y**2 + y - 6. Let v be c(6). Suppose -59 = -4*a - v*a - 5*w, 2 = a - 3*w. Calculate the remainder when 21 is divided by a.
10
Let c(s) = 3*s**2 + 3*s - 6. Let h be c(4). Let o = h + -31. Let w(q) = 7*q**2 - q. What is the remainder when o is divided by w(-1)?
7
Suppose -2*g + 9 = -g - 2*a, g = -2*a + 9. Calculate the remainder when 71 is divided by g.
8
Let a = -25 - -45. Let n(f) be the first derivative of f**3/3 - 7*f**2/2 + 7*f + 1. Calculate the remainder when a is divided by n(7).
6
Suppose a = 2 - 6. What is the remainder when a/(-8)*(2 + 32) is divided by 6?
5
Let i = 126 + -80. Let r = -1 + i. Calculate the remainder when r is divided by 12.
9
Suppose 0 = -5*l + 223 - 48. Let g = -24 - -54. Let x = -18 + g. What is the remainder when l is divided by x?
11
Let t = -13 - -18. Let z(c) = c**3 - 4*c**2 - 3*c + 1. What is the remainder when 21 is divided by z(t)?
10
Suppose 0 = -7*y + 4*y + 12. Calculate the remainder when 15 is divided by y.
3
Let f = -66 + 94. Calculate the remainder when 53 is divided by f.
25
Suppose 2*u - 56 = -6*u. What is the remainder when 20 is divided by u?
6
Suppose 103 = 4*u + 7. Calculate the remainder when 119 is divided by u.
23
Suppose -b = -0*b. Suppose -3*v - 2*v + 90 = b. What is the remainder when v is divided by 10?
8
Let k(c) = 2*c + 2. Let m be k(-2). Let s = 1 - m. Suppose -8 = -s*l - 2. What is the remainder when l is divided by 2?
0
Suppose -3*d = 2*d - 20. Let r be (-12)/9*(-13 - -1). Suppose -s + r = 3*f, -f + 2*s = -6*f + 26. What is the remainder when f is divided by d?
2
Let m be 3/(-15) - (-42)/10. Let s = m - -1. Calculate the remainder when 13 is divided by s.
3
Let d(m) = -3*m - 10. Calculate the remainder when d(-23) is divided by 13.
7
Let k(p) = -p**2 + 11*p + 15. Let r = 24 + -12. What is the remainder when 5 is divided by k(r)?
2
Let c(i) = i**3 - 4*i**2 + 2*i + 1. Let k be c(3). Let q be ((-2)/(-6))/(k/(-18)). Calculate the remainder when 11 is divided by q/(-9) + 19/3.
5
Let v = 16 - -16. Suppose -2*l = 4*a - 50, 2*a = 4*l + v + 8. Calculate the remainder when (40/3 + 0)*3 is divided by a.
12
Let o(p) = 3*p - 1. Let z = 52 + -47. What is the remainder when o(3) is divided by z?
3
Let f(b) = 5*b**3 + b**2 + 3*b - 3. Let t be f(2). Let w = -32 + t. Calculate the remainder when (-2 - 6/(-4))*-86 is divided by w.
13
Let i be (-2)/(-15) - 365/(-75). Suppose -2*k = -5*k + 12. Suppose k*p - 5*u = 18 + 96, -i*p = u - 128. Calculate the remainder when p is divided by 9.
8
Suppose -8*j = -3*j - 75. Let a(m) = m**3 + 6*m**2 - 2*m + 9. Let w be 6/(-12)*10*1. Calculate the remainder when a(w) is divided by j.
14
Let k(n) = -6*n**2 - 1. Let p be k(2). Let o = p - -44. Suppose -a = -0 - 7. Calculate the remainder when o is divided by a.
5
Let a(y) = y**2 - 2. Let w = 43 - 18. Calculate the remainder when w is divided by a(3).
4
Let u(i) = -13*i - 8. Let n be u(9). Let l be (0/3 - -181) + -3. Let r = n + l. What is the remainder when r is divided by 18?
17
Suppose f - 6 - 5 = 0. Suppose -7*t - 124 = -f*t. Calculate the remainder when 121 is divided by t.
28
Let b(c) = c**3 + 17*c**2 - 22*c - 33. What is the remainder when 193 is divided by b(-18)?
37
Suppose 9*g - 1057 = 284. What is the remainder when g is divided by 30?
29
Let l(u) = 2*u + 4. Suppose 3*d = 5*d - 10. What is the remainder when 25 is divided by l(d)?
11
Suppose 0 = 2*p - 6*p + 2*z - 2, 5*p = 2*z - 2. Suppose -5*u - 2*m = -110, p = 2*u - 4*m - 10 - 34. What is the remainder when u is divided by 6?
4
Let b(r) = -r. What is the remainder when b(-23) is divided by 12?
11
Let y = 0 + 53. Calculate the remainder when y is divided by 9.
8
Let y be (-8)/6*3/(-2). Suppose 5*j - y*h + h - 15 = 0, 3*h = -5*j + 15. Let r(a) = -3*a - 3. Calculate the remainder when r(-2) is divided by j.
0
Calculate the remainder when ((-9)/(-15))/(2/180) is divided by (14/3)/(1/3).
12
Suppose -f = 4*f + 60. Let x be 4/f - (-8)/6. What is the remainder when 1/(1/31)*x is divided by 16?
15
Let u = 9 + 34. Suppose -128 = -5*i - u. Calculate the remainder when 66 is divided by i.
15
Let n(b) = -4*b + 2. Let p(i) = 12*i - 6. Let a(h) = -10*n(h) - 3*p(h). Calculate the remainder when a(3) is divided by 6.
4
Let o = 67 + -16. Calculate the remainder when o is divided by 18.
15
Suppose -5*i + 3 = -3*l, 2*l - i = -0 - 2. Let b = l - -7. Calculate the remainder when b is divided by 10/((-80)/(-24))*4/3.
2
What is the remainder when 95 is divided by (((-21)/(-14))/3)/((-1)/(-48))?
23
Let d = 61 - 35. Suppose -d = -f - f. What is the remainder when f is divided by 8?
5
Let j be -2*(-3 + 2) - 0. Let s = -5 + 8. Suppose 54 = s*o - 4*v - 0*v, j*o - 34 = 2*v. Calculate the remainder when 40 is divided by o.
12
Let i(k) = k**2 + 8*k - 11. What is the remainder when i(-11) is divided by 8?
6
Suppose 5*m + 1 + 34 = 0. Let z = 22 - m. What is the remainder when z is divided by 10?
9
Suppose -3*x + 9 = -3. What is the remainder when 1*-1 - -1*11 is divided by x?
2
Let i(f) = f + 17. Let l be i(-14). Suppose l*x = 6*x - 33. What is the remainder when 32 is divided by x?
10
Suppose 4*r - 109 = j, -r - 4*r + 146 = 2*j. What is the remainder when 81 is divided by r?
25
Let s = -30 + 53. Suppose -3*l - 7 = -244. Let y = 146 - l. Calculate the remainder when y is divided by s.
21
Suppose -3*t = -4*p + 15, p = 5*t - t + 20. Suppose 4*i - 4 = 4*s, 3*s - 7 = -p*s + i. Let w = 2 - -1. What is the remainder when s is divided by w?
1
Let m(v) = v**3 + 5*v**2 - 2*v - 3. Calculate the remainder when 82 is divided by m(-4).
19
Suppose 0 = -2*g - 8 - 8. Let f = g - -8. Suppose o - 5*o + 100 = f. Calculate the remainder when o is divided by 9.
7
Let f(a) = -6*a + 2. Let o be (-48)/21 - (-2)/7. Calculate the remainder when 27 is divided by f